{"version":"1.0","provider_name":"UNPOP - UNpacking POPulism","provider_url":"https:\/\/unpop.ces.uc.pt\/en","author_name":"manuelcruz","author_url":"https:\/\/unpop.ces.uc.pt\/en\/author\/manuelcruz\/","title":"Memory in the Populist Radical Right - UNPOP - UNpacking POPulism","type":"rich","width":600,"height":338,"html":"<blockquote class=\"wp-embedded-content\" data-secret=\"1bmRCFxyVR\"><a href=\"https:\/\/unpop.ces.uc.pt\/en\/memory-in-the-populist-radical-right\/\">Memory in the Populist Radical Right<\/a><\/blockquote><iframe sandbox=\"allow-scripts\" security=\"restricted\" src=\"https:\/\/unpop.ces.uc.pt\/en\/memory-in-the-populist-radical-right\/embed\/#?secret=1bmRCFxyVR\" width=\"600\" height=\"338\" title=\"&#8220;Memory in the Populist Radical Right&#8221; &#8212; UNPOP - UNpacking POPulism\" data-secret=\"1bmRCFxyVR\" frameborder=\"0\" marginwidth=\"0\" marginheight=\"0\" scrolling=\"no\" class=\"wp-embedded-content\"><\/iframe><script type=\"text\/javascript\">\n\/*! This file is auto-generated *\/\n!function(c,l){\"use strict\";var e=!1,o=!1;if(l.querySelector)if(c.addEventListener)e=!0;if(c.wp=c.wp||{},c.wp.receiveEmbedMessage);else if(c.wp.receiveEmbedMessage=function(e){var t=e.data;if(!t);else if(!(t.secret||t.message||t.value));else if(\/[^a-zA-Z0-9]\/.test(t.secret));else{for(var r,s,a,i=l.querySelectorAll('iframe[data-secret=\"'+t.secret+'\"]'),n=l.querySelectorAll('blockquote[data-secret=\"'+t.secret+'\"]'),o=0;o<n.length;o++)n[o].style.display=\"none\";for(o=0;o<i.length;o++)if(r=i[o],e.source!==r.contentWindow);else{if(r.removeAttribute(\"style\"),\"height\"===t.message){if(1e3<(s=parseInt(t.value,10)))s=1e3;else if(~~s<200)s=200;r.height=s}if(\"link\"===t.message)if(s=l.createElement(\"a\"),a=l.createElement(\"a\"),s.href=r.getAttribute(\"src\"),a.href=t.value,a.host===s.host)if(l.activeElement===r)c.top.location.href=t.value}}},e)c.addEventListener(\"message\",c.wp.receiveEmbedMessage,!1),l.addEventListener(\"DOMContentLoaded\",t,!1),c.addEventListener(\"load\",t,!1);function t(){if(o);else{o=!0;for(var e,t,r,s=-1!==navigator.appVersion.indexOf(\"MSIE 10\"),a=!!navigator.userAgent.match(\/Trident.*rv:11\\.\/),i=l.querySelectorAll(\"iframe.wp-embedded-content\"),n=0;n<i.length;n++){if(!(r=(t=i[n]).getAttribute(\"data-secret\")))r=Math.random().toString(36).substr(2,10),t.src+=\"#?secret=\"+r,t.setAttribute(\"data-secret\",r);if(s||a)(e=t.cloneNode(!0)).removeAttribute(\"security\"),t.parentNode.replaceChild(e,t);t.contentWindow.postMessage({message:\"ready\",secret:r},\"*\")}}}}(window,document);\n<\/script>","thumbnail_url":"https:\/\/unpop.ces.uc.pt\/wp-content\/uploads\/2023\/07\/43615_cartaz_-_Memory_in_the_Populist_-_web.jpg","thumbnail_width":1754,"thumbnail_height":2481,"description":"Com modera\u00e7\u00e3o de Paula Carvalho, Paulo Mendes, Pilar Dami\u00e3o de Medeiros e Cristiano Gianolla discutem o medo e o \u00f3dio nas sociedades contempor\u00e2neas.This event will serve to explore the role of colonial memory in the contemporary Italian populist radical right, developing on the content of the recent book \u2018The Politics of Memory in the Italian Populist Radical Right\u2019 (Routledge 2023) by the speaker."}

Com moderação de Paula Carvalho, Paulo Mendes, Pilar Damião de Medeiros e Cristiano Gianolla discutem o medo e o ódio nas sociedades contemporâneas.This event will serve to explore the role of colonial memory in the contemporary Italian populist radical right, developing on the content of the recent book ‘The Politics of Memory in the Italian Populist Radical Right’ (Routledge 2023) by the speaker.
